se 8
506
Convert -711 (base 8) to base 16.
-1c9
Convert -24531 (base 7) to base 4.
-1210221
15607 (base 8) to base 5
211142
What is -132733 (base 8) in base 7?
-252505
What is 3a1 (base 12) in base 11?
463
-4b5 (base 12) to base 7
-2036
What is -8649 (base 13) in base 15?
-57d6
Convert -298c (base 15) to base 10.
-8907
-1454 (base 6) to base 3
-112121
Convert -4c3 (base 16) to base 2.
-10011000011
What is 1045 (base 7) in base 5?
3001
What is -808 (base 9) in base 13?
-3b6
Convert 43213 (base 6) to base 7.
23145
Convert -ab1 (base 16) to base 8.
-5261
323100 (base 4) to base 16
ed0
Convert -4643 (base 10) to base 16.
-1223
What is 16da0 (base 15) in base 16?
120de
Convert 3000323 (base 4) to base 15.
39d2
Convert 11101000110 (base 2) to base 14.
970
-158 (base 14) to base 10
-274
426 (base 8) to base 5
2103
-23450 (base 6) to base 8
-6526
What is -124 (base 5) in base 8?
-47
What is -432020 (base 5) in base 14?
-5495
Convert -970b (base 13) to base 2.
-101000111100111
Convert 57b0 (base 16) to base 15.
69b8
What is -11311 (base 7) in base 13?
-1420
Convert -53710 (base 10) to base 2.
-1101000111001110
What is 5a2 (base 13) in base 14?
4db
Convert -2734 (base 8) to base 16.
-5dc
What is -13b2 (base 12) in base 3?
-10010222
What is 11010000010 (base 2) in base 5?
23131
What is 33142 (base 5) in base 7?
6461
-77010 (base 9) to base 14
-14859
Convert 2608 (base 11) to base 5.
102041
Convert 3263 (base 8) to base 15.
795
10010001111 (base 2) to base 12
813
Convert 110202220 (base 3) to base 9.
13686
Convert -10688 (base 11) to base 2.
-11110001100111
3526 (base 12) to base 7
23205
2444 (base 7) to base 8
1622
What is 112321 (base 4) in base 13?
889
1307 (base 10) to base 12
90b
What is -201346 (base 8) in base 15?
-14988
What is -568 (base 10) in base 4?
-20320
Convert -35b2 (base 14) to base 2.
-10010010011000
Convert -16d (base 14) to base 6.
-1205
Convert 1220 (base 3) to base 8.
63
Convert -4434 (base 7) to base 6.
-11213
Convert -100011110110001 (base 2) to base 8.
-43661
Convert -1401 (base 15) to base 16.
-10b4
2076 (base 8) to base 11
8a8
1310 (base 12) to base 16
87c
What is 403 (base 12) in base 8?
1103
-329 (base 13) to base 5
-4132
492c (base 16) to base 15
583c
What is 20231 (base 5) in base 11?
a97
Convert 628 (base 10) to base 16.
274
Convert -111100110110 (base 2) to base 5.
-111034
112000 (base 5) to base 11
3007
What is -14200 (base 8) in base 3?
-22121022
-401 (base 8) to base 14
-145
-d1cd (base 14) to base 16
-8cd1
Convert 32011133 (base 4) to base 9.
87125
Convert -91d (base 14) to base 6.
-12143
10c3 (base 16) to base 11
3251
What is 10685 (base 10) in base 2?
10100110111101
What is 37712 (base 8) in base 5?
1010310
Convert 1582 (base 12) to base 11.
1a05
Convert 2101210202 (base 3) to base 15.
dee8
Convert 396 (base 16) to base 10.
918
-1396 (base 16) to base 15
-1744
What is -4250 (base 7) in base 2?
-10111100001
Convert -2202011 (base 3) to base 12.
-11aa
What is 12010122 (base 3) in base 12?
21bb
Convert -1702 (base 16) to base 6.
-43134
Convert -23ba (base 13) to base 10.
-5054
-231 (base 4) to base 8
-55
Convert -4996 (base 12) to base 3.
-102102020
What is -1552 (base 6) in base 2?
-110101100
-4526 (base 10) to base 13
-20a2
Convert 9282 (base 13) to base 8.
47371
What is -1111132 (base 4) in base 3?
-21111121
What is -21220202 (base 3) in base 7?
-22553
4d0 (base 15) to base 16
447
Convert -1250 (base 6) to base 11.
-26a
Convert 145 (base 14) to base 4.
10001
36a7 (base 14) to base 3
111002220
2d32 (base 14) to base 12
4814
Convert 1070 (base 8) to base 4.
20320
What is -1213024 (base 5) in base 9?
-34352
Convert -460 (base 7) to base 16.
-ee
What is -30476 (base 9) in base 7?
-112350
Convert -28b (base 15) to base 5.
-4311
Convert 1110011011 (base 2) to base 7.
2456
What is 18 (base 13) in base 5?
41
What is 5d (base 15) in base 14?
64
7817 (base 15) to base 5
1303242
Convert 100001011010111 (base 2) to base 3.
212110202
Convert -20615 (base 7) to base 12.
-2b58
-1058 (base 12) to base 4
-130010
Convert 1012012 (base 3) to base 16.
365
Convert -4427 (base 10) to base 14.
-1883
What is -346 (base 16) in base 13?
-4c6
What is 3617 (base 16) in base 12?
801b
Convert 17e3 (base 15) to base 8.
12053
What is 10102200 (base 3) in base 12?
1546
Convert 15070 (base 11) to base 2.
101001101111101
112100 (base 4) to base 8
2620
-a04 (base 12) to base 6
-10404
114 (base 15) to base 2
11110100
-96c5 (base 13) to base 3
-1001201212
Convert 13001 (base 4) to base 6.
2025
What is 11101100110101 (base 2) in base 14?
5749
What is -32530 (base 6) in base 13?
-2097
What is -3130 (base 7) in base 15?
-4d4
Convert 71b0 (base 16) to base 10.
29104
-18683 (base 10) to base 2
-100100011111011
26032 (base 10) to base 6
320304
Convert -1254 (base 7) to base 8.
-740
2576 (base 9) to base 15
88c
870 (base 12) to base 3
1200210
Convert 3557 (base 9) to base 7.
10465
-2213230 (base 4) to base 3
-112201111
111 (base 12) to base 9
184
-2116 (base 7) to base 3
-1000201
What is -16949 (base 10) in base 3?
-212020202
11011101101 (base 2) to base 7
5112
Convert 683 (base 9) to base 7.
1431
-1600 (base 7) to base 16
-27d
6482 (base 15) to base 13
98b4
What is -576a (base 12) in base 11?
-7346
What is 13100 (base 4) in base 8?
720
Convert 351b (base 12) to base 13.
290c
Convert -a85 (base 15) to base 5.
-34000
-1000 (base 2) to base 3
-22
13981 (base 11) to base 12
b570
What is -44514 (base 6) in base 3?
-22120001
What is -551a (base 12) in base 7?
-36232
212a (base 12) to base 9
4877
122122 (base 3) to base 4
13130
Convert -1669 (base 12) to base 2.
-101001110001
Convert -d26 (base 14) to base 13.
-1238
What is 158 (base 13) in base 9?
288
-257a (base 12) to base 15
-13ea
What is -110311 (base 6) in base 15?
-2ac7
Convert -8ac (base 13) to base 14.
-78a
1114233 (base 5) to base 3
1000100122
44b5 (base 13) to base 5
301422
What is 236 (base 8) in base 3?
12212
-3102 (base 8) to base 11
-1227
-1a8 (base 16) to base 14
-224
1051 (base 8) to base 10
553
745 (base 16) to base 15
841
4044 (base 9) to base 4
232030
Convert 22243 (base 8) to base 7.
36226
81 (base 16) to base 10
129
-506 (base 10) to base 9
-622
Convert 21247 (base 8) to base 11.
6735
What is -128 (base 12) in base 8?
-260
1000 (base 11) to base 5
20311
Convert -3ab6 (base 14) to base 15.
-3102
Convert -210222100 (base 3) to base 8.
-37224
Convert 2245 (base 6) to base 10.
533
Convert -103135 (base 8) to base 14.
-c76d
Convert 2134 (base 6) to base 13.
2b9
637 (base 9) to base 11
433
What is 77676 (base 8) in base 10?
32702
What is 2834 (base 10) in base 8?
5422
What is -14854 (base 9) in base 7?
-41443
What is -84 (base 12) in base 13?
-79
What is 318 (base 12) in base 10?
452
What is f6de (base 16) in base 8?
173336
What is -22023 (base 4) in base 6?
-3003
-502 (base 7) to base 16
-f7
-220020020 (base 3) to base 11
-122a9
11320 (base 4) to base 8
570
Convert -13510 (base 8) to base 4.
-1131020
8134 (base 15) to base 8
65212
Convert 84 (base 9) to base 7.
136
8b57 (base 13) to base 2
100110000110011
What is 6202 (base 8) in base 7?
12223
Convert 2120 (base 4) to base 6.
412
What is 119 (base 14) in base 3?
22010
Convert 8ca (base 16) to base 14.
b6a
Convert 1011001000000001 (base 2) to base 4.
23020001
What is 304 (base 13) in base 9?
627
Convert -19056 (base 14) to base 3.
-10012200022
What is 13 (base 10) in base 6?
21
450354 (base 6) to base 5
2201401
Convert 271 (base 14) to base 16.
1eb
-1756 (base 9) to base 4
-111003
What is -2002 (base 3) in base 7?
-110
Convert 2a78 (base 15) to base 11.
6935
What is -505 (base 6) in base 2?
-10111001
-5553 (base 6) to base 5
-20133
26 (base 9) to base 13
1b
Convert -388 (base 15) to base 9.
-1082
Convert -a12 (base 14) to base 9.
-2635
Convert -540 (base 14) to base 9.
-1371
-28861 (base 12) to base 11
-39513
16da (base 15) to base 13
2323
What is 15157 (base 8) in base 4?
1221233
What is 447 (base 14) in base 16?
34f
Convert -1001000001111 (base 2) to base 12.
-2813
What is 742 (base 8) in base 4?
13202
10000201202 (base 3) to base 11
40846
What is -4104 (base 6) in base 11?
-752
Convert -1102010 (base 3) to base 13.
-612
Convert 11110001100111 (base 2) to base 5.
443323
-1083 (base 9) to base 4
-30210
Convert 6126 (base 7) to base 13.
c78
Conve